rime factors of 1116604.
2, 23, 53, 229
List the prime factors of 829738.
2, 7, 13, 47, 97
List the prime factors of 476119.
7, 17, 4001
What are the prime factors of 719632?
2, 41, 1097
List the prime factors of 1861923.
3, 7, 88663
List the prime factors of 233636.
2, 13, 4493
List the prime factors of 1316332.
2, 329083
List the prime factors of 109889.
13, 79, 107
List the prime factors of 12036001.
41, 43, 6827
List the prime factors of 38399.
19, 43, 47
What are the prime factors of 1246654?
2, 623327
What are the prime factors of 37801621?
11, 13, 19, 13913
List the prime factors of 8072510.
2, 5, 807251
What are the prime factors of 880765?
5, 176153
What are the prime factors of 12522112?
2, 97829
What are the prime factors of 48569?
17, 2857
List the prime factors of 20234.
2, 67, 151
List the prime factors of 1005737.
17, 67, 883
List the prime factors of 1705213.
311, 5483
What are the prime factors of 6747838?
2, 37, 67, 1361
What are the prime factors of 9381150?
2, 3, 5, 6949
List the prime factors of 3570781.
3570781
What are the prime factors of 195658?
2, 97829
List the prime factors of 639964.
2, 13, 31, 397
What are the prime factors of 7309?
7309
List the prime factors of 2289045.
3, 5, 11, 13873
What are the prime factors of 3171715?
5, 634343
List the prime factors of 797528.
2, 131, 761
What are the prime factors of 47375?
5, 379
List the prime factors of 363415.
5, 13, 5591
List the prime factors of 3741476.
2, 461, 2029
List the prime factors of 114815.
5, 22963
List the prime factors of 21538286.
2, 7, 11, 17, 19, 433
List the prime factors of 3038007.
3, 7, 144667
List the prime factors of 9112632.
2, 3, 379693
List the prime factors of 3568773.
3, 13, 7039
What are the prime factors of 26310388?
2, 13, 505969
What are the prime factors of 343976?
2, 19, 31, 73
List the prime factors of 417218.
2, 208609
What are the prime factors of 331035?
3, 5, 29, 761
List the prime factors of 339387.
3, 29, 47, 83
What are the prime factors of 605471?
605471
List the prime factors of 1174357.
23, 51059
What are the prime factors of 156099?
3, 61, 853
List the prime factors of 2611.
7, 373
What are the prime factors of 49670?
2, 5, 4967
What are the prime factors of 9850136?
2, 1231267
List the prime factors of 24844727.
24844727
What are the prime factors of 12012111?
3, 444893
What are the prime factors of 7541842?
2, 7, 11, 48973
What are the prime factors of 1228594?
2, 614297
List the prime factors of 9547389.
3, 311, 379
List the prime factors of 372623.
17, 23, 953
List the prime factors of 1375643.
47, 29269
What are the prime factors of 2087839?
13, 160603
What are the prime factors of 717105?
3, 5, 47807
List the prime factors of 828929.
61, 107, 127
List the prime factors of 47605.
5, 9521
List the prime factors of 6786440.
2, 5, 169661
What are the prime factors of 2928254?
2, 7, 37, 5653
List the prime factors of 157467.
3, 52489
List the prime factors of 5097042.
2, 3, 17, 16657
List the prime factors of 6559662.
2, 3, 31, 35267
What are the prime factors of 408212?
2, 7, 61, 239
What are the prime factors of 1078643?
1078643
What are the prime factors of 650172?
2, 3, 54181
List the prime factors of 96153.
3, 32051
What are the prime factors of 214769?
293, 733
List the prime factors of 19948215.
3, 5, 7, 189983
What are the prime factors of 5271684?
2, 3, 11, 39937
What are the prime factors of 464304?
2, 3, 17, 569
List the prime factors of 713999.
11, 13, 4993
What are the prime factors of 76660?
2, 5, 3833
List the prime factors of 17309067.
3, 31, 186119
List the prime factors of 7702234.
2, 83, 46399
What are the prime factors of 19196?
2, 4799
What are the prime factors of 55304?
2, 31, 223
What are the prime factors of 251949?
3, 83983
What are the prime factors of 1004788?
2, 251197
What are the prime factors of 5243104?
2, 163847
What are the prime factors of 318615?
3, 5, 11, 1931
What are the prime factors of 4419435?
3, 5, 294629
What are the prime factors of 18450449?
839, 21991
List the prime factors of 94868.
2, 37, 641
List the prime factors of 668850.
2, 3, 5, 7, 13
List the prime factors of 6927857.
17, 407521
List the prime factors of 7387518.
2, 3, 29, 42457
What are the prime factors of 809120?
2, 5, 13, 389
What are the prime factors of 1084219?
1084219
What are the prime factors of 1504818?
2, 3, 7, 1327
What are the prime factors of 111753?
3, 4139
List the prime factors of 4237441.
13, 325957
List the prime factors of 6082127.
61, 99707
List the prime factors of 24562106.
2, 31, 47, 8429
List the prime factors of 294169.
294169
List the prime factors of 82023.
3, 19, 1439
What are the prime factors of 68872?
2, 8609
List the prime factors of 24665679.
3, 2740631
List the prime factors of 4165780.
2, 5, 31, 6719
What are the prime factors of 103086?
2, 3, 23, 83
What are the prime factors of 7707317?
107, 72031
What are the prime factors of 16396410?
2, 3, 5, 546547
List the prime factors of 2902357.
2902357
What are the prime factors of 766933?
439, 1747
List the prime factors of 6221557.
6221557
List the prime factors of 141091.
199, 709
What are the prime factors of 2893583?
7, 11, 37579
What are the prime factors of 3046266?
2, 3, 83, 2039
List the prime factors of 1416693.
3, 37, 12763
List the prime factors of 12915634.
2, 151, 42767
List the prime factors of 4791651.
3, 179, 8923
What are the prime factors of 2721563?
13, 29, 7219
List the prime factors of 5227330.
2, 5, 17, 97, 317
List the prime factors of 464869.
619, 751
What are the prime factors of 3553740?
2, 3, 5, 6581
List the prime factors of 447218.
2, 311, 719
What are the prime factors of 155442?
2, 3, 7, 3701
List the prime factors of 5642667.
3, 626963
What are the prime factors of 5478324?
2, 3, 23, 863
What are the prime factors of 1429357?
53, 149, 181
What are the prime factors of 1074320?
2, 5, 13, 1033
What are the prime factors of 153560?
2, 5, 11, 349
List the prime factors of 123376.
2, 11, 701
List the prime factors of 244940.
2, 5, 37, 331
What are the prime factors of 713541?
3, 17, 823
List the prime factors of 306166.
2, 7, 19, 1151
List the prime factors of 283046.
2, 97, 1459
What are the prime factors of 12615217?
587, 21491
List the prime factors of 449780.
2, 5, 43, 523
What are the prime factors of 29844562?
2, 11, 1356571
What are the prime factors of 2992202?
2, 631, 2371
List the prime factors of 358300.
2, 5, 3583
List the prime factors of 22813532.
2, 7, 53, 15373
What are the prime factors of 1484485?
5, 337, 881
What are the prime factors of 10094695?
5, 13, 155303
List the prime factors of 4924105.
5, 181, 5441
What are the prime factors of 2562274?
2, 11, 13, 17, 31
List the prime factors of 25832709.
3, 7, 103, 1327
List the prime factors of 283048.
2, 35381
List the prime factors of 29473416.
2, 3, 7, 101, 193
List the prime factors of 1517312.
2, 5927
List the prime factors of 7124882.
2, 149, 23909
What are the prime factors of 7859951?
11, 23, 47, 661
List the prime factors of 4255218.
2, 3, 11, 21491
What are the prime factors of 1256193?
3, 29, 4813
What are the prime factors of 120814?
2, 29, 2083
List the prime factors of 3388870.
2, 5, 113, 2999
List the prime factors of 593668.
2, 193, 769
What are the prime factors of 206282?
2, 103141
What are the prime factors of 3310060?
2, 5, 13, 29, 439
List the prime factors of 19475821.
173, 112577
List the prime factors of 688777.
688777
What are the prime factors of 6465690?
2, 3, 5, 7, 11, 311
List the prime factors of 121428.
2, 3, 3373
List the prime factors of 11646831.
3, 7, 554611
What are the prime factors of 669358?
2, 17, 19687
What are the prime factors of 13046441?
67, 194723
What are the prime factors of 292958?
2, 29, 5051
List the prime factors of 537770.
2, 5, 53777
List the prime factors of 339959.
339959
List the prime factors of 2928897.
3, 421, 773
List the prime factors of 1809773.
7, 258539
What are the prime factors of 876156?
2, 3, 73013
What are the prime factors of 395505?
3, 5, 11, 17, 47
What are the prime factors of 7444931?
13, 572687
List the prime factors of 958707.
3, 37, 2879
List the prime factors of 4294285.
5, 17, 19, 2659
List the prime factors of 9516420.
2, 3, 5, 17623
List the prime factors 